s divided by 22?
21
Suppose 0 = -11*g + 8*g + 57. What is the remainder when g is divided by 4?
3
Suppose -5*v = -2*v + 6, 3*r - 52 = -v. Suppose m - 4*g - 39 = 0, 3*m - 3*g - 21 = 114. What is the remainder when 0 + 1 + (m - -5) is divided by r?
17
Let x = -56 - -79. What is the remainder when x is divided by 12?
11
Suppose -5*n = 215 - 620. What is the remainder when (-3)/(-12) - n/(-12) is divided by 4?
3
Suppose -y + 5*h = -98, 3*h - 1 - 5 = 0. What is the remainder when y is divided by 10?
8
Let m = 21 - 8. Calculate the remainder when 35 is divided by m.
9
Let m be 16/16 + 76 + 1. Suppose 4*a - m = -2*a. What is the remainder when 38 is divided by a?
12
Suppose -3*v + 120 = 5*s, -8 = -3*s + 1. What is the remainder when 68 is divided by v?
33
Suppose -3*i - 80 = -29. Let o = i - -33. Calculate the remainder when o is divided by 9.
7
Suppose 0 = -z + 27 - 3. Suppose 2*j - 3*q - 13 = j, 0 = 4*j + 4*q - 52. Calculate the remainder when z is divided by j.
11
Let o(a) = -2*a + 3. Calculate the remainder when 22 is divided by o(-2).
1
Let n(r) = -29*r - 1. Let m = 0 + -1. Calculate the remainder when n(m) is divided by 10.
8
Let k(j) = -j**3 + 13*j**2 - 17*j - 12. Suppose 21 = -4*i - 5*l, 2*i + l = -2*i - 17. Calculate the remainder when k(11) is divided by i/(-2)*(-11)/(-2).
10
Suppose 0 = 2*b + 17 + 5. Let k = 2 - b. Calculate the remainder when 36 is divided by k.
10
Let c = 175 + -121. What is the remainder when 106 is divided by c?
52
Suppose -3*a + 7*a - 48 = 0. What is the remainder when a is divided by 5?
2
Let d = 30 - 7. What is the remainder when 66 is divided by d?
20
Let n be (-28)/(0 + 3/6). Let x = 141 + n. What is the remainder when x is divided by 22?
19
Suppose -2*h = 3*j - 60, -2*h + 7*h + 3 = j. Calculate the remainder when 77 is divided by j.
5
Suppose r - 300 = -2*r. Calculate the remainder when ((-4)/10)/((-11)/715) is divided by (-2)/7 + r/7.
12
Suppose -g = -n - 4*g - 8, -5*n = -4*g - 36. Suppose 79 = 2*b + 67. What is the remainder when b is divided by n?
2
Let f(r) = 0*r + 5*r - 7 - 1 - 3*r. What is the remainder when 6 is divided by f(6)?
2
Suppose 67 = -p + 133. Calculate the remainder when p is divided by 12.
6
Suppose 12*g - 17*g = -50. What is the remainder when 117 is divided by g?
7
Let g = 2 - -1. Let k(l) = 3*l**2 + l**2 + l + 3 + 1. What is the remainder when k(g) is divided by 15?
13
Let s(z) = 2*z**3 - 3*z**2 - 3*z - 1. Let t be s(3). Let p = 30 - t. What is the remainder when 23 is divided by p?
10
Suppose 6*m - 10*m = -8. Suppose 5 = m*u - 9. Calculate the remainder when 11 is divided by u.
4
Let u(v) = -9*v - 3. Let t be u(-6). Suppose f + t = 4*f. What is the remainder when f is divided by 5/((-1)/(-3)*3)?
2
Calculate the remainder when 10/(-35) - 121/(-7) is divided by 6.
5
Let w be (-2)/(-3)*(-54)/(-12). Suppose -k + 20 = w*k. Suppose 0 = 4*c - j - 102, -5*c + 96 = k*j - 44. What is the remainder when 50 is divided by c?
24
Let p = 4 + 5. Suppose b - 80 = -4*b. Calculate the remainder when b is divided by p.
7
Let z(c) = c - 6. Let t be z(8). Suppose -t*b + 6*b + 12 = 0. Let k = b + 6. What is the remainder when 5 is divided by k?
2
Let t(s) = -11*s**2 - s - 1. Let c be t(2). Let b = 4 - c. Calculate the remainder when b is divided by 26.
25
Suppose -u = -2*y + 21, 0*u = 3*y - 3*u - 36. What is the remainder when 33 is divided by y?
6
Let h(o) = -o + 4. Let z(w) = 5. Let f(p) = p**3 + 6*p**2 - 2. Let s be f(-6). Let k(i) = s*z(i) + 3*h(i). What is the remainder when 21 is divided by k(-3)?
10
Let j(k) = -2*k**2 - 31*k - 19. What is the remainder when 68 is divided by j(-14)?
22
Suppose -3*m - 6 = 0, -3*u = u - 4*m - 76. What is the remainder when 82 is divided by u?
14
Suppose -3*z = -8*z + 20. Suppose 3*u = 4*m + 30, 3*m + 17 = 3*u - 13. Calculate the remainder when u is divided by z.
2
Suppose 3*b - 13 = 8. Calculate the remainder when 18 is divided by b.
4
Let s(t) = -8*t + 1. Suppose -10 = 2*z + 2*h, 4*h - 3 = 3*z + 12. What is the remainder when s(z) is divided by 14?
13
Let a be (1 - 6/4)*-4. Let c = 33 + a. Calculate the remainder when c is divided by ((-2)/(-3))/(1/27).
17
Let j = 5 + 13. Calculate the remainder when j is divided by 12.
6
Suppose -2*n = 3*t - 6*t + 122, 136 = 3*t + 5*n. Calculate the remainder when 292 is divided by t.
40
Suppose -s = -5*s. Suppose 0 = -s*j + j - 8. What is the remainder when (2/(-4))/(1/(-46)) is divided by j?
7
Calculate the remainder when 3/(-3)*10*-1 is divided by 6.
4
Let f be 6/15*10/1. Suppose -c = -l - 0 + 5, 0 = f*l - 3*c - 25. Calculate the remainder when 27 is divided by l.
7
Let v(q) = q**2 + 10*q + 1. Let z be v(-10). Suppose t + 2 = -z. Calculate the remainder when ((-68)/4)/(t/3) is divided by 5.
2
Let m = -13 + 15. What is the remainder when 41 is divided by m/(-4) - (-253)/22?
8
Suppose n - s - 82 = 0, 2*n - 87 = 3*s + 82. What is the remainder when n is divided by 27?
23
Suppose -m = 4*m - 15. Suppose 8*l - m*l = 40. Let h(b) = b + 22. Calculate the remainder when h(0) is divided by l.
6
Suppose -d + 3 = -1. Suppose -d*n = n - 95. Let x = 103 - 48. What is the remainder when x is divided by n?
17
Let s(j) = -6*j + 13 - 6 + 4 + 0*j. What is the remainder when s(-4) is divided by 18?
17
Suppose 175 - 35 = 5*g. Calculate the remainder when g is divided by 15.
13
Let c(l) = -3*l + 1. Let y be c(1). Let o be (-4)/(-2)*(-3)/y. Calculate the remainder when 11 is divided by o + 1 - (-8)/4.
5
Let b(i) be the first derivative of -i**2/2 + 10*i - 5. Suppose 2*c = -5*k - 6, 2*k + 0 = c + 3. What is the remainder when 28 is divided by b(k)?
8
What is the remainder when 10 is divided by (1/2)/((-16)/(-224))?
3
Suppose -2*n + 2*q - 8 = 0, -n + 2*q - 1 - 1 = 0. Let t(m) = -7 - 3*m + 1 + 0*m. What is the remainder when t(n) is divided by 7?
5
Suppose 6*g = 9*g - 30. Calculate the remainder when 18 is divided by g.
8
Let d(z) = z**3 + 10*z**2 + 9*z + 4. Let c be d(-9). Suppose -4*g - 3*v + 93 = 0, -c*v + 48 = 5*g - 67. Calculate the remainder when g is divided by 7.
6
Let m(y) = 2*y + 3. Let w be m(-2). Calculate the remainder when -3*(w + 34/(-6)) is divided by 11.
9
Let d be (-5)/((-5)/(-2)) - -5. Suppose 5*i = d*i + 60. What is the remainder when 87 is divided by i?
27
Let c = 6 + 1. What is the remainder when 26 is divided by c?
5
Let v(f) = -f**3 - 5*f**2 + 6*f - 6. Let x be v(-6). Calculate the remainder when 51 is divided by x + 7 + (11 - -1).
12
Let i = 12 - -11. Calculate the remainder when i is divided by 8.
7
Let u(a) = a**3 + 7*a**2 + 8*a + 5. Let t = 25 + -13. Let x = -17 + t. Calculate the remainder when 29 is divided by u(x).
14
Let x be (-7)/((-63)/240)*3. Let r = -33 + x. What is the remainder when r is divided by 16?
15
Let a = -40 + 70. Calculate the remainder when a is divided by 11.
8
Let n be 0 - (2 + 1 - 3). Suppose 2*f - 26 = -n*f. Calculate the remainder when 23 is divided by f.
10
Suppose 0 = 2*p - 19 - 3. What is the remainder when p is divided by 3?
2
Let y be -9 + 9 + (-3)/(-1). Suppose 0 = y*n - 0*n - 177. What is the remainder when n is divided by 12?
11
Let r(b) = b**2 - 8*b - 9. Let d be r(11). Suppose 0 = -4*x - 0*x + d. What is the remainder when 9 is divided by x?
3
Suppose g - 14 = -3*d, -3*g - 4*d + 67 = -0*g. Calculate the remainder when g is divided by ((-48)/(-1))/3*1.
13
Let k be ((-212)/8)/(2/4). Let j = -25 - k. What is the remainder when 53 is divided by j?
25
Let a = 3 + 2. Suppose -5*w + 65 = a. Calculate the remainder when 35 is divided by w.
11
Let a(r) = r**2 - 9*r - 10. Let y be a(10). Suppose 2*b - q - 144 = 0, 4*q + 137 = 2*b - 13. Calculate the remainder when b is divided by 6 - 6 - (-24 + y).
23
Suppose -36 + 6 = -5*n. Calculate the remainder when 10 is divided by n.
4
Suppose -5*k - 2 - 7 = n, -n - 2*k = 0. Let j be 4/6*(-1 - -4). Suppose -5*q + 24 = -6*c + 4*c, 0 = 2*q + 3*c - j. What is the remainder when n is divided by q?
2
Let d(q) = 13*q**3 - 2*q**2 + q. Let u be d(1). Suppose -u = -y + p, y - p + 4*p = 12. Calculate the remainder when y is divided by 5.
2
Let s(p) = p**3 - 4*p**2 + 5*p - 3. Let z be s(3). Suppose z*q - q = 22. What is the remainder when 43 is divided by q?
10
Let s = 170 - 117. What is the remainder when s is divided by 18?
17
Let w(z) = -z + 2*z**2 - 4*z**3 + 4 + z**3 + 4*z